{"id":443,"date":"2021-02-17T14:06:21","date_gmt":"2021-02-17T13:06:21","guid":{"rendered":"http:\/\/www.roanne-perruque.com\/?page_id=443"},"modified":"2021-02-17T14:07:32","modified_gmt":"2021-02-17T13:07:32","slug":"entretien-de-votre-prothese","status":"publish","type":"page","link":"https:\/\/www.roanne-perruque.com\/index.php\/entretien-de-votre-prothese\/","title":{"rendered":"Entretien de votre proth\u00e8se"},"content":{"rendered":"\n<p>POUR L&rsquo;ENTRETIEN DE VOTRE CHEVELURE :<\/p>\n\n\n\n<p><br>1) SHAMPOOING AUTO NETTOYANT : une cuill\u00e8re \u00e0 soupe dans<br>une bassine avec de l&rsquo;eau ti\u00e8de ,laisser poser 10 MN \u00e0 l&rsquo;envers puis<br>rincer.<br>2) BALM : une cuill\u00e8re \u00e0 caf\u00e9 dans un plat d&rsquo;eau ti\u00e8de mettre la<br>chevelure \u00e0 l&rsquo;endroit et laisser poser 10MN .Rincer tr\u00e8s rapidement.<br>Laisser s\u00e9cher la chevelure sur votre porte perruque puis chaque<br>matin vaporiser le CONDITIONNEUR sur la chevelure s\u00e9ch\u00e9 \u00e0 une<br>distance de 20 cm .<\/p>\n\n\n\n<p>Brosser simplement ,secouer ou recoiffer avec vos doigts .<\/p>\n\n\n\n<p><\/p>\n","protected":false},"excerpt":{"rendered":"<p>POUR L&rsquo;ENTRETIEN DE VOTRE CHEVELURE : 1) SHAMPOOING AUTO NETTOYANT : une cuill\u00e8re \u00e0 soupe dansune bassine avec de l&rsquo;eau ti\u00e8de ,laisser poser 10 MN \u00e0 l&rsquo;envers puisrincer.2) BALM : une cuill\u00e8re \u00e0 caf\u00e9 dans un plat d&rsquo;eau ti\u00e8de mettre lachevelure \u00e0 l&rsquo;endroit et laisser poser 10MN .Rincer tr\u00e8s rapidement.Laisser s\u00e9cher la chevelure sur votre [&hellip;]<\/p>\n","protected":false},"author":1,"featured_media":0,"parent":0,"menu_order":0,"comment_status":"closed","ping_status":"closed","template":"page-templates\/page_fullwidth.php","meta":[],"_links":{"self":[{"href":"https:\/\/www.roanne-perruque.com\/index.php\/wp-json\/wp\/v2\/pages\/443"}],"collection":[{"href":"https:\/\/www.roanne-perruque.com\/index.php\/wp-json\/wp\/v2\/pages"}],"about":[{"href":"https:\/\/www.roanne-perruque.com\/index.php\/wp-json\/wp\/v2\/types\/page"}],"author":[{"embeddable":true,"href":"https:\/\/www.roanne-perruque.com\/index.php\/wp-json\/wp\/v2\/users\/1"}],"replies":[{"embeddable":true,"href":"https:\/\/www.roanne-perruque.com\/index.php\/wp-json\/wp\/v2\/comments?post=443"}],"version-history":[{"count":4,"href":"https:\/\/www.roanne-perruque.com\/index.php\/wp-json\/wp\/v2\/pages\/443\/revisions"}],"predecessor-version":[{"id":447,"href":"https:\/\/www.roanne-perruque.com\/index.php\/wp-json\/wp\/v2\/pages\/443\/revisions\/447"}],"wp:attachment":[{"href":"https:\/\/www.roanne-perruque.com\/index.php\/wp-json\/wp\/v2\/media?parent=443"}],"curies":[{"name":"wp","href":"https:\/\/api.w.org\/{rel}","templated":true}]}}